et l = 563 - w. What is the units digit of l?
7
What is the units digit of (156/104)/(1 + 677/(-680))?
0
Let y be (4/6)/(6/(-2484)). Let q = y - -553. Suppose -2*n + 10 = 2, 5*p = -3*n + q. What is the tens digit of p?
5
Let v(n) = -41*n + 6. What is the tens digit of v(-1)?
4
Suppose -2*t - 3*z = -782, 3*t - z = -0*t + 1195. What is the hundreds digit of t?
3
Suppose -5*k + 60 + 10 = 0. What is the units digit of (13/3)/(k/126)?
9
Let b(v) be the first derivative of -3*v**2/2 - 12*v - 7. What is the units digit of b(-20)?
8
Let o(x) = x**2 - 7*x + 12. Suppose 4*k + 2*s - 13 - 23 = 0, 5*k = -4*s + 39. What is the tens digit of o(k)?
5
Let y(n) = -n**2 + 6*n - 5. Let s be y(5). Let m be s - ((1 - 0) + -3). Suppose -18 - 2 = -m*h. What is the units digit of h?
0
Let i be (-2)/(-4) + (-35)/(-10). Suppose b = -b + i. Suppose 56 = 5*p + 3*l, -4*p - b*l - 4 = -48. What is the tens digit of p?
1
Let o be 6 - ((-28)/20 - 2/(-5)). Suppose -3 = -4*f - o, z - 15 = f. What is the tens digit of z?
1
Let n(u) = -4*u + 3. Let s(y) = -y - 21. Let h be s(-11). Let k = h - -4. What is the units digit of n(k)?
7
Let r(u) = -u**3 + 15*u**2 - 34*u - 15. What is the units digit of r(9)?
5
Let f(h) be the first derivative of h**3 - h**2/2 - 9*h - 19. What is the tens digit of f(9)?
2
Suppose -3*q = 49*q - 214968. What is the thousands digit of q?
4
Let l = 945 - -1110. What is the thousands digit of l?
2
Let b = 191 + -88. What is the tens digit of b?
0
Let j = -37 - -23. What is the tens digit of 1 - (6*j + -2)?
8
Let x(i) = -i**2 + 33. Suppose 0 = l + 3*l. Let r be x(l). Suppose -9 = o - r. What is the units digit of o?
4
Suppose -y = 5*f + 41 - 177, -5*y = -5*f - 590. What is the units digit of y?
1
Let d(b) = -b**3 + 5*b**2 + 6*b. Let i be d(5). Suppose -i = 4*o + o. What is the units digit of 4/6*(-189)/o?
1
Suppose 0 = -4*t + 2*l + 161 + 281, -447 = -4*t + 3*l. What is the units digit of t?
8
Let d be (-9)/(-1 - -4) + 3. Suppose a = -2*h + 20, d = 6*a - a. Suppose -h = -n - n. What is the units digit of n?
5
Suppose -h = h - 6. Let d be 0 - (-52)/(h - 4). Let y = d - -95. What is the tens digit of y?
4
Suppose 3*f + 2 = 5. What is the tens digit of 72 - ((0 - -1) + 1/f)?
7
Suppose 105 + 67 = 2*j. Let m = j - 11. What is the units digit of m?
5
Let d be 6 + -4 - (1 - 1). Suppose 5*u - 15 = -k + 19, d*u + 2*k = 20. What is the tens digit of (4/(-6))/(u/(-135))?
1
What is the units digit of (-1)/(-14) - ((-803782)/196 - -17)?
4
Suppose -4*a - 22 = 42. Let p be a/6*(-3)/2. Suppose -p*h + 12 = -3*h. What is the units digit of h?
2
Let x(w) = -w**3 - 9*w**2 + 2*w - 13. Let u = 9 - 15. Let a = -4 + u. What is the units digit of x(a)?
7
Let y(i) be the first derivative of i**4/4 + 3*i**3 + 7*i**2/2 + 10*i + 8. What is the units digit of y(-7)?
9
Let h(i) = -51*i + 15. What is the units digit of h(-2)?
7
Suppose -47*s = -21*s - 2106. What is the tens digit of s?
8
Let w(x) = x**3 - 7*x**2 + 17*x - 141. What is the thousands digit of w(15)?
1
Let k = -25 - -25. Suppose k*o - 144 = -4*o. What is the units digit of o?
6
Let v(l) = -l**3 - 8*l**2 - l - 5. Let r be v(-8). Let k(t) = -11*t**2 + 5*t + 2*t**r + 5*t**2 - 3*t**3 - 1. What is the units digit of k(-7)?
3
Let l = -3 + -14. Let u(j) = -j**2 - 16*j + 7. Let a be u(l). What is the tens digit of 44/(-5*2/a)?
4
Suppose -5*k = -5, -2*z + k + 418 = -677. What is the units digit of z?
8
Let i(h) = h**3 - 7*h**2 + 2*h + 1. Let y be i(7). Let q = -15 + y. Suppose q*t + 5*t - 25 = 0. What is the units digit of t?
5
Let f = -2 + 4. Suppose -5*a = -f*a - 6. Suppose -a*z + 19 = -11. What is the units digit of z?
5
Suppose -z + 2*n = -153, 278*z - 3*n = 283*z - 700. What is the units digit of z?
3
Let k(o) = 21*o + 2. Let m(d) = d - 1. Let v(x) = -k(x) - 2*m(x). Suppose b + 5 - 4 = 0. What is the units digit of v(b)?
3
Let q = 48 - 50. What is the tens digit of (40/16)/(q/(-76))?
9
Let i = -255 + 181. Let x = 164 + i. What is the units digit of x?
0
Let j(m) be the third derivative of m**4/4 - m**3 + 2*m**2 + 10*m. Suppose -5*a = 5*p - 5, 5*p + 31 = 5*a - a. What is the tens digit of j(a)?
1
Let l(p) = p - 6. Let s be l(7). Suppose -2*q = 3*a - 25, -15 + 3 = 3*q. What is the units digit of s + 0 + -3 + a?
9
Let d(i) = i**2 + 23*i - 32. What is the units digit of d(6)?
2
Suppose 15*n - 606 = 13*n - 4*b, -n = -5*b - 282. What is the hundreds digit of n?
2
Let t = 690 + -135. What is the tens digit of t?
5
Suppose -4*u + 79 = -117. Suppose -5*k = h - 3*h + u, -2*k + 110 = 4*h. What is the units digit of h?
7
Let s(g) = -6*g**2 - 5*g - 11. Let u(v) = 13*v**2 + 9*v + 21. Let j(c) = 11*s(c) + 6*u(c). What is the units digit of j(-3)?
6
Suppose 5*l + 55 = 3*d, 0*d + 5*d + 4*l - 30 = 0. Suppose d*p = 16*p - 762. What is the hundreds digit of p?
1
Let z be (0 + 1)/(18/198). Let q(j) = 17*j + 2*j**2 + z + 5 - 15*j - 3*j**2. What is the tens digit of q(0)?
1
Suppose 4*l - 2*i + 462 = 0, 256 = -2*l - 5*i + i. Let u = l - -197. What is the tens digit of u?
7
Let k be 201/1*(3 - 7/3). Suppose -2*y + 5*q + 166 = -117, y - k = q. What is the tens digit of y?
2
Let f(h) = 8*h + 3. Let g be f(-9). Let y = g + 116. What is the tens digit of y?
4
Let g = 58 - 56. What is the units digit of 133/(g/(-12) + 7/6)?
3
Suppose -397 - 5175 = -5*h - 4*p, 4*h + 3*p = 4457. What is the thousands digit of h?
1
What is the hundreds digit of ((-3)/(30/(-10)))/(1/141)?
1
Let k(x) = -x**3 - 6*x**2 - 5*x - 4. Let r be k(-5). Let v be (-9)/27 + r/(-3). Suppose u + u + 5 = 3*g, -v = 4*u - 3*g. What is the units digit of u?
2
Suppose -5*y + l = -11 - 4, -6 = 2*y + 2*l. Suppose -4*i = y - 10. Suppose 16 = i*p - 8. What is the tens digit of p?
1
Let a be (0 - (-8 - -1))*1. Suppose a*s + 20 = 12*s. Suppose 0 = 5*j - 2*z - 118, -s*z + 19 = 3*j - 31. What is the units digit of j?
2
Let a be (2/3)/((-5)/(-60)*1). Suppose -j + 3 = 0, -3*v - j - 112 = -a*v. What is the units digit of v?
3
Suppose 0 = -0*l - 3*l + 2136. What is the tens digit of l?
1
Let a = 451 + -60. What is the tens digit of a?
9
Let o(d) = 2*d**2 - 9*d + 4. Let a = -21 - -12. Let s = a - -15. What is the units digit of o(s)?
2
Let x(u) = -14*u. Let b be x(8). Let k = b - -197. What is the units digit of k?
5
Suppose 3*r = -0*r + 426. Suppose -r = -0*a - a. What is the tens digit of a?
4
Let f(n) = n**3 - 5*n**2 - 19*n + 9. Let k be f(9). Let a = k - 85. What is the tens digit of a?
7
What is the units digit of ((-14)/(-28)*-3820)/(2*-1)?
5
Let q(l) be the third derivative of l**4/12 - 5*l**3/2 - 2*l**2. What is the tens digit of q(17)?
1
What is the units digit of (4/(-16))/(0 - (-2)/(-488))?
1
Let k = 410 + -385. Suppose -4*n - 27 - 29 = 0. Let f = k + n. What is the units digit of f?
1
Suppose 0 = 4*r + 6*r - 9260. What is the tens digit of r?
2
Suppose 3*w = 2*n - 218 - 112, -w - 322 = -2*n. What is the units digit of (-1)/(n/(-78) - -2)?
6
Suppose 799 + 577 = 4*f. Let h = -231 + f. What is the units digit of h?
3
Suppose q + 3*x = 177 + 545, 3*q - 2178 = 3*x. What is the tens digit of q?
2
Let k = -82 - -242. Let a(h) = h**3 + 8*h**2 - 9*h + 4. Let p be a(-9). Suppose -4*l = p*v - k, 5*v + 32 + 13 = 2*l. What is the units digit of l?
5
Let c be (1 + 0)*(1 - -2). Suppose -3*j + 0*j + 40 = q, c*j = -6. What is the tens digit of q?
4
Let q = -921 + 1534. What is the units digit of q?
3
Let z = 12 + -4. Suppose 5*w + 2*l = 18, -3*w + 6*w = -4*l + z. Suppose w*n - 45 = 59. What is the tens digit of n?
2
Suppose -15 = 5*g, -3*b - 5*g = -9*g - 2043. What is the units digit of b?
7
Let q(c) = -2*c + 22. Let b = 15 + -31. What is the units digit of q(b)?
4
Let z be (-660)/(-72) - (-1)/(-6). Suppose -c + 4 = -z. What is the units digit of c?
3
Let c(a) = a - 4. Let q be c(4). Suppose f = 5*v + 84, 0 = -3*f - q*f - 4*v + 157. Suppose 4*y = -m + f, 3*y - 4*y + m = -21. What is the units digit of y?
6
Suppose -92 = 6*u - 2*u. Let f = -18 - u. Suppose f*n + 30 = 3*z - 182, -2*n = -3*z + 200. What is the tens digit of z?
6
Let d(v) = v**2 - 7*v + 6. Let s be d(7). Suppose -2*a - 8 = 0, -s*b + 2*b = -3*a - 816. What is the hundreds digit of b?
2
Let c be 6/8*(36 - 4). Let y = c - -41. What is the tens digit of y?
6
Let f = 605 + -122. What is the tens digit of f?
8
Suppose 0 = 18*v + 9*v - 28*v. Suppose 0 = 5*u + 